 -14*i - 11*i = -272177 + 69527. What are the prime factors of i?
2, 3, 7, 193
Suppose 0 = a + 26*a - 901692. Suppose -30*r = -76*r + a. List the prime factors of r.
2, 3, 11
Suppose 21*l - 4 = s + 23*l, -l + 12 = 4*s. What are the prime factors of s/(2715/903 + -3)?
2, 7, 43
Suppose 6061 = 2*b - o, -28*b + 2*o = -32*b + 12118. List the prime factors of b.
2, 3, 5, 101
Let l be (-1190)/(-15) + 2/3. Let r be l/(-24)*(-6)/4. Suppose -r*m - 120 = -d - 17, 380 = 5*d + 2*m. What are the prime factors of d?
2, 3, 13
Let v be (0/8 - -6)/(2/(-2)). Let w(x) = -x**3 + 8*x**2 + 9*x + 77. What are the prime factors of w(v)?
17, 31
Suppose 100993 = 5*c - 8214 - 12788. List the prime factors of c.
3, 2711
Suppose 25*l + 4*p - 353 = 28*l, 0 = 5*p + 20. Let j = 337 - l. What are the prime factors of j?
2, 5, 23
Let i be 36/48 + 27/(-4). Let z be (-28)/(-4) - (4 + i/3). Suppose -4*p - 328 = -3*w, -z*p - 3 - 2 = 0. List the prime factors of w.
2, 3
Let s be 30/(-8)*(500/15)/(-5). What are the prime factors of 1 + ((-10)/s - 41382/(-30))?
2, 3, 5, 23
List the prime factors of 38363 + (44/16)/((-6)/24).
2, 3, 17, 47
Let d = -7068 - -7592. List the prime factors of d.
2, 131
Suppose 0 = 39*t + 1589 + 127. Let g(i) = i**3 + 10*i**2 + 9*i + 6. Let o be g(-6). Let v = t + o. What are the prime factors of v?
2, 13
Suppose 0 = 5*c + 10, 0*m - 3*c = m + 4. What are the prime factors of (-2*(6 + -5))/(m/(-234))?
2, 3, 13
Let z(b) = b**3 + 2. Let m be z(0). Suppose 4*y - 74 = m*c - 0*c, 6 = 2*c. Suppose 5*u - d = 247, -3*u - 2*d = -176 + y. List the prime factors of u.
2, 5
Let s be -2 - (0 + -1)*(-14)/(-7). Suppose s = -5*q + 6*q - 3. Suppose q*j - g - 312 = -31, -3*j - g = -289. List the prime factors of j.
5, 19
Let c = -235 - -237. Suppose -c*d - 17*d + 8284 = 0. What are the prime factors of d?
2, 109
Let j(r) = 175*r + 372. Let y be j(-2). Let c(i) = 9 + i**2 + i - 14*i - 5*i. What are the prime factors of c(y)?
97
Let r(d) = -1255*d - 1513. List the prime factors of r(-15).
2, 541
What are the prime factors of 22738/3*23/(506/33)?
11369
Let x(z) = -38*z + 97. Let y be x(3). Let w = 278 - y. List the prime factors of w.
5, 59
Let g(m) = m**3 + 5*m**2 - 13*m + 8. Let i be g(-7). Suppose -4*h + i = 5, -l + h = -342. What are the prime factors of l?
11, 31
Let y(k) = 471*k**3 - 2*k**2 + 6*k - 10. What are the prime factors of y(2)?
2, 3, 11, 19
Let p(v) = 1. Let y(s) = -3*s - 29. Let f(m) = -4*p(m) + y(m). Let x be f(-12). Suppose -x*u + 0*u + 261 = 0. What are the prime factors of u?
3, 29
Let t = -11 - 11. Let a = t - -358. Suppose -4*k = -4*n - a, -k = -n - n - 84. What are the prime factors of k?
2, 3, 7
Let o = 136 + -108. Let k = -28 + o. Suppose -3*y + 13*y - 1120 = k. List the prime factors of y.
2, 7
Suppose -212*c + 229*c = 10627 + 57203. List the prime factors of c.
2, 3, 5, 7, 19
Let h(u) = 8*u + 3. Let f be h(-2). Let i = -11 - f. Suppose i*s + 59 - 177 = 0. What are the prime factors of s?
59
Suppose 0 = -4*g + 2445*d - 2442*d + 40579, g = -d + 10129. What are the prime factors of g?
2, 37, 137
Let a(h) = -h**2 - 1. Let x be (2 + -3 - -3) + -3. Let d be a(x). What are the prime factors of d + 3 - (-44 - -1)*1?
2, 11
Let i(d) = -d**2 + 27*d + 62. Let r be i(28). Suppose -r*h + 890 = -1864. List the prime factors of h.
3
Let t(n) = -17*n - 19. Let i(v) = v + 1. Let w(x) = 2*i(x) - t(x). Let d be w(9). Suppose -212 - d = -4*z. What are the prime factors of z?
101
What are the prime factors of (-1 + 4437/15)/(18/45)?
11, 67
Let a(l) = -4*l - 12. Let m be a(-3). Let y be (3 - (m - 2)) + 9/(-3). Suppose 5*n + y*r = 897, 4*n + 4*r + 197 = 5*n. List the prime factors of n.
181
Let b be ((-5)/2)/((-20)/16). Suppose b = j + 8. List the prime factors of (-503)/j + (-4)/(-24).
2, 3, 7
Let l(f) be the first derivative of -11*f + 8*f**2 - 16 - 3*f**2 + 43. List the prime factors of l(9).
79
Suppose 6*a + 4*t + 1310 = a, -5*a - 1270 = -4*t. Let y = 1035 + a. What are the prime factors of y?
3, 7, 37
Let h be (-361)/11 + 8/(-44). Let m = 397 + -357. Let b = m + h. What are the prime factors of b?
7
Suppose -4*w + 2096 = -5*i, -7*w + 4*i = -9*w + 1074. Let v = -354 + w. List the prime factors of v.
5, 7
Let j = 291 + -219. Let o = 60 + j. List the prime factors of o.
2, 3, 11
Let i = 7883 + -5076. List the prime factors of i.
7, 401
Let c = 24008 + -16591. What are the prime factors of c?
7417
Suppose -10*k + 45 = -165. What are the prime factors of 560/k - (-2)/6?
3
Suppose 2*k + 12 = 5*k. Suppose 5 = k*d - 51. Suppose -l - 219 = -4*r, 0 = -4*l - d + 2. List the prime factors of r.
2, 3
Suppose 9*u = -2*u + 4*f + 95428, -4*f = -3*u + 26020. What are the prime factors of u?
2, 3, 241
Suppose 2*c + 16 = 10*c. Suppose c*s + 2 = -0*s. List the prime factors of 1/s*-3 + 61.
2
Let v be 22/10 - 2/10. Suppose 2*o - 654 = 2*p, 0*p = -p + v. List the prime factors of o.
7, 47
Let s = -3600 + 3600. Suppose 3*f + 5*i = -20 + 6, -2*f + 5*i + 24 = 0. Suppose 0 = -3*z - 3*g + 291, f*g + s*g - 98 = -z. List the prime factors of z.
2, 3
What are the prime factors of (-68)/(-170) - (-57432)/20?
2, 359
Suppose 239632 = 11*g - 114006 + 87526. List the prime factors of g.
2, 3, 7
List the prime factors of 7651 + -1 - (-6 + 12 + 2).
2, 3821
Let o(r) = 1523*r**3 - 44*r**2 + 8*r - 28. List the prime factors of o(3).
43, 947
Let s(x) = -x**3 + 22*x**2 - 31*x + 64. Suppose 395*j - 406*j + 187 = 0. What are the prime factors of s(j)?
2, 491
Suppose 47*v + l = 45*v + 3, 0 = -5*v - 2*l + 10. Suppose k - v*s - 734 = 0, -k = 8*s - 9*s - 719. What are the prime factors of k?
2, 3, 7, 17
Let c(k) = -k**2 - 27*k + 10. Let r(u) = u**2 + 10*u + 7. Let i be r(-7). What are the prime factors of c(i)?
2, 3
Let a(b) be the first derivative of 19*b**3/3 - 20*b**2 - 11*b + 65. What are the prime factors of a(6)?
433
Suppose -2*c + 14 = 0, 4*c - 394 = -5*v - 401. Let y(o) be the second derivative of o**4/6 + 2*o**3/3 + 13*o**2 + o. What are the prime factors of y(v)?
2, 3
Let w = -96 - -90. Let l be (-172)/10 + -3*w/90. Let f = l - -23. List the prime factors of f.
2, 3
Suppose 0 = -3*k - 3*b + 28326, -649*b = -2*k - 648*b + 18863. What are the prime factors of k?
3, 5, 17, 37
Suppose -4*y + 7*i - 9*i + 49586 = 0, -49580 = -4*y - 4*i. List the prime factors of y.
2, 6199
Suppose -65*n + 3715646 = -3427130 + 1369866. List the prime factors of n.
2, 11, 367
Let p be (0 - -8)/(-4) - 3364/(-2). Suppose -4*i + 4*z + p = -i, -15 = 5*z. List the prime factors of i.
2, 139
Let p be 6/36*(-3 - 18)*(-112)/14. Let w = -4 + 6. Suppose -w*f + 17 = 5*t, f - 4*t + 0 = p. What are the prime factors of f?
2
Let s(t) = -t + 1. Suppose 11*y = 13*y - 2. Let q(c) = -27*c - 74. Let x(h) = y*q(h) - s(h). List the prime factors of x(-10).
5, 37
Let q = -2160 + 3950. Suppose -19*a = -q - 870. What are the prime factors of a?
2, 5, 7
Let t = -2144 - -3141. Suppose 5*r - 2*f - t = 0, -12*r - 992 = -17*r - 3*f. List the prime factors of r.
199
Let j(g) = 2*g**2 - 2*g - 331. Let w(h) = -h**2 + h + 1. Let p(d) = -j(d) - w(d). What are the prime factors of p(0)?
2, 3, 5, 11
Suppose 3*g - 56129 = 2*w, -93555 = -5*g - 40*w + 42*w. What are the prime factors of g?
18713
List the prime factors of ((-3)/9)/(27/(-3828789)).
47269
Suppose -1955*w + 1950*w = -27580. What are the prime factors of w?
2, 7, 197
Let q(m) = 11*m**3 - 7*m**2 - 107*m + 30. What are the prime factors of q(13)?
7, 3089
Let t = 6943 - -7212. What are the prime factors of t?
5, 19, 149
Suppose -4*r + 15695 = -5*i, -2*r + 10987 = 5*i + 3132. List the prime factors of r.
5, 157
Suppose -3*c = -2*c - 3. Suppose -r + 61 = -2*b + 658, c*b + 3*r - 909 = 0. List the prime factors of b.
2, 3, 5
Suppose -11110*r + 2248522 = -11069*r. List the prime factors of r.
2, 17, 1613
Let w = -6869 - -9718. What are the prime factors of w?
7, 11, 37
Suppose -15*u - 98781 = -3*n - 12*u, -2*n = -8*u - 65878. What are the prime factors of n?
11, 41, 73
Suppose -56*w - 93198 + 13588 = -61*w. What are the prime factors of w?
2, 19, 419
Let c(m) = -7*m**2 + 6*m + 7. Let i(u) be the second derivative of u**4/2 - u**3 - 3*u**2 + 24*u. Let f(o) = -5*c(o) - 6*i(o). List the prime factors of f(5).
2, 3
Suppose 608950 = -546*v + 579*v - 78275. List the prime factors of v.
5, 7, 17
Let l = -373 - -1281. Le